{"id":115,"date":"2023-08-19T22:32:24","date_gmt":"2023-08-19T20:32:24","guid":{"rendered":"http:\/\/osulore.cluster028.hosting.ovh.net\/?page_id=115"},"modified":"2026-01-05T23:20:05","modified_gmt":"2026-01-05T22:20:05","slug":"nous-rejoindre","status":"publish","type":"page","link":"https:\/\/osul.org\/index.php\/nous-rejoindre\/","title":{"rendered":"NOUS REJOINDRE"},"content":{"rendered":"<div data-colibri-id=\"115-c1\" class=\"style-405 style-local-115-c1 position-relative\">\n  <!---->\n  <div data-colibri-component=\"section\" data-colibri-id=\"115-c2\" id=\"about\" class=\"h-section h-section-global-spacing d-flex align-items-lg-center align-items-md-center align-items-center style-413 style-local-115-c2 position-relative\">\n    <!---->\n    <!---->\n    <div class=\"h-section-grid-container h-section-boxed-container\">\n      <div data-colibri-id=\"115-c10\" class=\"h-row-container gutters-row-lg-2 gutters-row-md-2 gutters-row-2 gutters-row-v-lg-2 gutters-row-v-md-2 gutters-row-v-2 style-418 style-local-115-c10 position-relative\">\n        <!---->\n        <div class=\"h-row justify-content-lg-center justify-content-md-center justify-content-center align-items-lg-stretch align-items-md-stretch align-items-stretch gutters-col-lg-2 gutters-col-md-2 gutters-col-2 gutters-col-v-lg-2 gutters-col-v-md-2 gutters-col-v-2\">\n          <!---->\n          <div class=\"h-column h-column-container d-flex h-col-lg-auto h-col-md-auto h-col-auto style-419-outer style-local-115-c11-outer\">\n            <div data-colibri-id=\"115-c11\" class=\"d-flex h-flex-basis h-column__inner h-px-lg-2 h-px-md-2 h-px-2 v-inner-lg-2 v-inner-md-2 v-inner-2 style-419 style-local-115-c11 position-relative\">\n              <!---->\n              <!---->\n              <div class=\"w-100 h-y-container h-column__content h-column__v-align flex-basis-100 align-self-lg-start align-self-md-start align-self-start\">\n                <!---->\n                <div data-colibri-id=\"115-c12\" class=\"h-global-transition-all h-heading style-420 style-local-115-c12 position-relative h-element\">\n                  <!---->\n                  <div class=\"h-heading__outer style-420 style-local-115-c12\">\n                    <!---->\n                    <!---->\n                    <h5 class=\"\">UNE GRANDE FAMILLE<\/h5>\n                  <\/div>\n                <\/div>\n                <div data-colibri-id=\"115-c13\" class=\"h-global-transition-all h-heading style-421 style-local-115-c13 position-relative h-element\">\n                  <!---->\n                  <div class=\"h-heading__outer style-421 style-local-115-c13\">\n                    <!---->\n                    <!---->\n                    <h2 class=\"\">Ouvert \u00e0&nbsp;<em style=\"font-family: &quot;Playfair Display&quot;; color: rgb(3, 169, 244);\">tous<\/em>\u00b7<em style=\"font-family: &quot;Playfair Display&quot;; color: rgb(3, 169, 244);\">tes<\/em>&nbsp;&#8211; Rejoignez&nbsp;<em style=\"font-family: &quot;Playfair Display&quot;; color: rgb(3, 169, 244);\">l&rsquo;OSUL<\/em>                      !<\/h2>\n                  <\/div>\n                <\/div>\n                <div data-colibri-id=\"115-c14\" class=\"h-text h-text-component style-422 style-local-115-c14 position-relative h-element\">\n                  <!---->\n                  <!---->\n                  <div class=\"\">\n                    <p>\u00c0 l&rsquo;OSUL, nous croyons que la musique est une langue universelle qui transcende les barri\u00e8res. Peu importe d&rsquo;o\u00f9 vous venez, quel que soit votre niveau musical, nous vous invitons \u00e0 faire partie de notre aventure musicale.<\/p>\n                    <p>Nous accueillons chaleureusement tous<span style=\"color: rgb(102, 102, 102); font-family: &quot;Open Sans&quot;; font-size: 16px; font-weight: 400;\">\u00b7<\/span>tes les \u00e9tudiant\u00b7e\u00b7s, y compris les \u00e9tudiant\u00b7e\u00b7s \u00e9tranger\u00b7\u00e8re\u00b7s, sans exigence\n                      de niveau instrumental minimum. Notre mission est de vous offrir une plateforme pour exprimer votre passion pour la musique, apprendre et grandir en tant que musicien\u00b7ne, le tout au sein d&rsquo;une communaut\u00e9 amicale et solidaire.<\/p>\n                    <p>Pour rejoindre l&rsquo;OSUL, il vous suffit de remplir un formulaire une fois les inscriptions ouvertes. Nos r\u00e9p\u00e9titions ont lieu chaque mardi \u00e0 la Facult\u00e9 de Lettres de Nancy, en plus de week-ends sp\u00e9ciaux pour l&rsquo;int\u00e9gration et les r\u00e9p\u00e9titions.\n                      En dehors de la musique, nous organisons diverses activit\u00e9s pour renforcer les liens au sein de notre groupe.<\/p>\n                    <p>L&rsquo;OSUL est bien plus qu&rsquo;un orchestre, c&rsquo;est une famille musicale o\u00f9 chaque voix compte. Si vous avez des questions ou souhaitez en savoir plus, n&rsquo;h\u00e9sitez pas \u00e0 nous contacter. Nous sommes impatients de vous accueillir et de partager\n                      notre passion pour la musique avec vous.<\/p>\n                  <\/div>\n                <\/div>\n              <\/div>\n            <\/div>\n          <\/div>\n        <\/div>\n      <\/div>\n      <div data-colibri-id=\"115-c3\" class=\"h-row-container gutters-row-lg-0 gutters-row-md-0 gutters-row-0 gutters-row-v-lg-0 gutters-row-v-md-0 gutters-row-v-0 style-414 style-local-115-c3 h-overflow-hidden position-relative\">\n        <!---->\n        <div class=\"h-row justify-content-lg-center justify-content-md-center justify-content-center align-items-lg-end align-items-md-end align-items-end gutters-col-lg-0 gutters-col-md-0 gutters-col-0 gutters-col-v-lg-0 gutters-col-v-md-0 gutters-col-v-0\">\n          <!---->\n          <div class=\"h-column h-column-container d-flex h-col-lg-auto h-col-md-auto h-col-auto align-self-lg-end align-self-md-end align-self-end style-415-outer style-local-115-c4-outer\">\n            <div data-colibri-id=\"115-c4\" class=\"d-flex h-flex-basis h-column__inner h-ui-empty-state-container h-px-lg-0 h-px-md-0 h-px-0 v-inner-lg-0 v-inner-md-0 v-inner-0 style-415 style-local-115-c4 position-relative\">\n              <!---->\n              <!---->\n              <div class=\"w-100 h-y-container h-column__content h-column__v-align flex-basis-100\">\n                <!---->\n              <\/div>\n            <\/div>\n          <\/div>\n          <div class=\"h-column h-column-container d-flex h-col-lg-auto h-col-md-auto h-col-auto align-self-lg-end align-self-md-end align-self-end style-416-outer style-local-115-c5-outer\">\n            <div data-colibri-id=\"115-c5\" class=\"d-flex h-flex-basis h-column__inner h-ui-empty-state-container h-px-lg-0 h-px-md-0 h-px-0 v-inner-lg-0 v-inner-md-0 v-inner-0 style-416 style-local-115-c5 position-relative\">\n              <!---->\n              <!---->\n              <div class=\"w-100 h-y-container h-column__content h-column__v-align flex-basis-100\">\n                <!---->\n              <\/div>\n            <\/div>\n          <\/div>\n          <div class=\"h-column h-column-container d-flex h-col-lg-auto h-col-md-auto h-col-auto align-self-lg-end align-self-md-end align-self-end style-417-outer style-local-115-c6-outer\">\n            <div data-colibri-id=\"115-c6\" class=\"d-flex h-flex-basis h-column__inner h-ui-empty-state-container h-px-lg-0 h-px-md-0 h-px-0 v-inner-lg-0 v-inner-md-0 v-inner-0 style-417 style-local-115-c6 position-relative\">\n              <!---->\n              <!---->\n              <div class=\"w-100 h-y-container h-column__content h-column__v-align flex-basis-100\">\n                <!---->\n              <\/div>\n            <\/div>\n          <\/div>\n        <\/div>\n      <\/div>\n      <div data-colibri-id=\"115-c7\" class=\"h-row-container gutters-row-lg-2 gutters-row-md-2 gutters-row-0 gutters-row-v-lg-2 gutters-row-v-md-2 gutters-row-v-2 style-575 style-local-115-c7 position-relative\">\n        <!---->\n        <div class=\"h-row justify-content-lg-center justify-content-md-center justify-content-center align-items-lg-stretch align-items-md-stretch align-items-stretch gutters-col-lg-2 gutters-col-md-2 gutters-col-0 gutters-col-v-lg-2 gutters-col-v-md-2 gutters-col-v-2\">\n          <!---->\n          <div class=\"h-column h-column-container d-flex h-col-lg-auto h-col-md-auto h-col-auto style-576-outer style-local-115-c8-outer\">\n            <div data-colibri-id=\"115-c8\" class=\"d-flex h-flex-basis h-column__inner h-ui-empty-state-container h-px-lg-2 h-px-md-2 h-px-2 v-inner-lg-2 v-inner-md-2 v-inner-2 style-576 style-local-115-c8 position-relative\">\n              <!---->\n              <!---->\n              <div class=\"w-100 h-y-container h-column__content h-column__v-align flex-basis-100\">\n                <!---->\n              <\/div>\n            <\/div>\n          <\/div>\n          <div class=\"h-column h-column-container d-flex h-col-lg-auto h-col-md-auto h-col-auto style-577-outer style-local-115-c9-outer\">\n            <div data-colibri-id=\"115-c9\" class=\"d-flex h-flex-basis h-column__inner h-ui-empty-state-container h-px-lg-2 h-px-md-2 h-px-2 v-inner-lg-2 v-inner-md-2 v-inner-2 style-577 style-local-115-c9 position-relative\">\n              <!---->\n              <!---->\n              <div class=\"w-100 h-y-container h-column__content h-column__v-align flex-basis-100\">\n                <!---->\n              <\/div>\n            <\/div>\n          <\/div>\n        <\/div>\n      <\/div>\n    <\/div>\n  <\/div>\n  <div data-colibri-component=\"section\" data-colibri-id=\"115-c15\" id=\"cta\" class=\"h-section h-section-global-spacing d-flex align-items-lg-center align-items-md-center align-items-center style-406 style-local-115-c15 position-relative\">\n    <!---->\n    <!---->\n    <div class=\"h-section-grid-container h-section-boxed-container\">\n      <!---->\n      <div data-colibri-id=\"115-c16\" class=\"h-row-container gutters-row-lg-2 gutters-row-md-2 gutters-row-0 gutters-row-v-lg-2 gutters-row-v-md-2 gutters-row-v-2 style-580 style-local-115-c16 position-relative\">\n        <!---->\n        <div class=\"h-row justify-content-lg-center justify-content-md-center justify-content-center align-items-lg-stretch align-items-md-stretch align-items-stretch gutters-col-lg-2 gutters-col-md-2 gutters-col-0 gutters-col-v-lg-2 gutters-col-v-md-2 gutters-col-v-2\">\n          <!---->\n          <div class=\"h-column h-column-container d-flex h-col-lg-auto h-col-md-auto h-col-auto style-581-outer style-local-115-c17-outer\">\n            <div data-colibri-id=\"115-c17\" class=\"d-flex h-flex-basis h-column__inner h-ui-empty-state-container h-px-lg-2 h-px-md-2 h-px-2 v-inner-lg-2 v-inner-md-2 v-inner-2 style-581 style-local-115-c17 position-relative\">\n              <!---->\n              <!---->\n              <div class=\"w-100 h-y-container h-column__content h-column__v-align flex-basis-100\">\n                <!---->\n              <\/div>\n            <\/div>\n          <\/div>\n        <\/div>\n      <\/div>\n      <div data-colibri-id=\"115-c18\" class=\"h-row-container gutters-row-lg-2 gutters-row-md-2 gutters-row-0 gutters-row-v-lg-2 gutters-row-v-md-2 gutters-row-v-2 style-407 style-local-115-c18 position-relative\">\n        <!---->\n        <div class=\"h-row justify-content-lg-center justify-content-md-center justify-content-center align-items-lg-stretch align-items-md-stretch align-items-stretch gutters-col-lg-2 gutters-col-md-2 gutters-col-0 gutters-col-v-lg-2 gutters-col-v-md-2 gutters-col-v-2\">\n          <!---->\n          <div class=\"h-column h-column-container d-flex h-col-lg-auto h-col-md-auto h-col-auto style-408-outer style-local-115-c19-outer\">\n            <div data-colibri-id=\"115-c19\" class=\"d-flex h-flex-basis h-column__inner h-px-lg-0 h-px-md-0 h-px-2 v-inner-lg-0 v-inner-md-0 v-inner-2 style-408 style-local-115-c19 position-relative\">\n              <!---->\n              <!---->\n              <div class=\"w-100 h-y-container h-column__content h-column__v-align flex-basis-100 align-self-lg-center align-self-md-center align-self-center\">\n                <!---->\n                <div data-colibri-id=\"115-c20\" class=\"d-block style-572 style-local-115-c20 position-relative h-element\">\n                  <!---->\n                  <div class=\"h-image__frame-container-outer\">\n                    <div class=\"h-image__frame-container\">\n                      <!---->\n                      <!---->\n                      <img decoding=\"async\" src=\"https:\/\/osul.org\/wp-content\/uploads\/2025\/08\/osul-2025-2026-768x1028.jpg\" class=\"style-572-image style-local-115-c20-image\">\n                      <div class=\"h-image__frame h-hide-lg h-hide-md h-hide-sm style-572-frameImage style-local-115-c20-frameImage\"><\/div>\n                    <\/div>\n                  <\/div>\n                <\/div>\n              <\/div>\n            <\/div>\n          <\/div>\n          <div class=\"h-column h-column-container d-flex h-col-lg-auto h-col-md-auto h-col-auto style-410-outer style-local-115-c21-outer\">\n            <div data-colibri-id=\"115-c21\" class=\"d-flex h-flex-basis h-column__inner h-px-lg-0 h-px-md-0 h-px-2 v-inner-lg-0 v-inner-md-0 v-inner-2 style-410 style-local-115-c21 position-relative\">\n              <!---->\n              <!---->\n              <div class=\"w-100 h-y-container h-column__content h-column__v-align flex-basis-100 align-self-lg-center align-self-md-center align-self-center\">\n                <!---->\n                <div data-colibri-id=\"115-c22\" class=\"h-global-transition-all h-heading style-409 style-local-115-c22 position-relative h-element\">\n                  <!---->\n                  <div class=\"h-heading__outer style-409 style-local-115-c22\">\n                    <!---->\n                    <!---->\n                    <h2 class=\"\">Les inscriptions pour le second semestre 2025-2026 sont d\u00e9sormais ouvertes !!\n                      <br>Pour t&rsquo;inscrire :<\/h2>\n                  <\/div>\n                <\/div>\n                <div data-colibri-id=\"115-c25\" class=\"h-x-container style-614 style-local-115-c25 position-relative h-element\">\n                  <!---->\n                  <div class=\"h-x-container-inner style-dynamic-115-c25-group style-614-spacing style-local-115-c25-spacing\"><span class=\"h-button__outer style-615-outer style-local-115-c26-outer d-inline-flex h-element\"><a h-use-smooth-scroll=\"true\" href=\"https:\/\/forms.gle\/GQaXLE9P98P9SMNf9\"  data-colibri-id=\"115-c26\" class=\"d-flex w-100 align-items-center h-button justify-content-lg-center justify-content-md-center justify-content-center style-615 style-local-115-c26 position-relative\"><!----><!----> <span>clique ici<\/span><\/a>\n                    <\/span>\n                  <\/div>\n                <\/div>\n              <\/div>\n            <\/div>\n          <\/div>\n        <\/div>\n      <\/div>\n      <div data-colibri-id=\"115-c23\" class=\"h-row-container gutters-row-lg-2 gutters-row-md-2 gutters-row-0 gutters-row-v-lg-2 gutters-row-v-md-2 gutters-row-v-2 style-578 style-local-115-c23 position-relative\">\n        <!---->\n        <div class=\"h-row justify-content-lg-center justify-content-md-center justify-content-center align-items-lg-stretch align-items-md-stretch align-items-stretch gutters-col-lg-2 gutters-col-md-2 gutters-col-0 gutters-col-v-lg-2 gutters-col-v-md-2 gutters-col-v-2\">\n          <!---->\n          <div class=\"h-column h-column-container d-flex h-col-lg-auto h-col-md-auto h-col-auto style-579-outer style-local-115-c24-outer\">\n            <div data-colibri-id=\"115-c24\" class=\"d-flex h-flex-basis h-column__inner h-ui-empty-state-container h-px-lg-2 h-px-md-2 h-px-2 v-inner-lg-2 v-inner-md-2 v-inner-2 style-579 style-local-115-c24 position-relative\">\n              <!---->\n              <!---->\n              <div class=\"w-100 h-y-container h-column__content h-column__v-align flex-basis-100\">\n                <!---->\n              <\/div>\n            <\/div>\n          <\/div>\n        <\/div>\n      <\/div>\n    <\/div>\n  <\/div>\n<\/div>","protected":false},"excerpt":{"rendered":"<p>UNE GRANDE FAMILLE Ouvert \u00e0&nbsp;tous\u00b7tes&nbsp;&#8211; Rejoignez&nbsp;l&rsquo;OSUL ! \u00c0 l&rsquo;OSUL, nous croyons que la musique est une langue universelle qui transcende les barri\u00e8res. Peu importe d&rsquo;o\u00f9 vous venez, quel que soit [&hellip;]<\/p>\n","protected":false},"author":1,"featured_media":0,"parent":0,"menu_order":0,"comment_status":"closed","ping_status":"closed","template":"page-templates\/full-width-page.php","meta":{"_vp_format_video_url":"","_vp_image_focal_point":[],"footnotes":""},"class_list":["post-115","page","type-page","status-publish","hentry"],"jetpack_sharing_enabled":true,"_links":{"self":[{"href":"https:\/\/osul.org\/index.php\/wp-json\/wp\/v2\/pages\/115","targetHints":{"allow":["GET"]}}],"collection":[{"href":"https:\/\/osul.org\/index.php\/wp-json\/wp\/v2\/pages"}],"about":[{"href":"https:\/\/osul.org\/index.php\/wp-json\/wp\/v2\/types\/page"}],"author":[{"embeddable":true,"href":"https:\/\/osul.org\/index.php\/wp-json\/wp\/v2\/users\/1"}],"replies":[{"embeddable":true,"href":"https:\/\/osul.org\/index.php\/wp-json\/wp\/v2\/comments?post=115"}],"version-history":[{"count":20,"href":"https:\/\/osul.org\/index.php\/wp-json\/wp\/v2\/pages\/115\/revisions"}],"predecessor-version":[{"id":1589,"href":"https:\/\/osul.org\/index.php\/wp-json\/wp\/v2\/pages\/115\/revisions\/1589"}],"wp:attachment":[{"href":"https:\/\/osul.org\/index.php\/wp-json\/wp\/v2\/media?parent=115"}],"curies":[{"name":"wp","href":"https:\/\/api.w.org\/{rel}","templated":true}]}}